{"id":817,"date":"2013-12-04T17:39:31","date_gmt":"2013-12-04T16:39:31","guid":{"rendered":"http:\/\/www.ehesp.fr\/annuaire\/?page_id=817"},"modified":"2023-06-13T08:42:00","modified_gmt":"2023-06-13T07:42:00","slug":"mentions-legales","status":"publish","type":"page","link":"https:\/\/www.ehesp.fr\/annuaire\/mentions-legales\/","title":{"rendered":"Mentions l\u00e9gales"},"content":{"rendered":"<h2>Editeur<\/h2>\n<p><strong>\u00c9cole des hautes \u00e9tudes en sant\u00e9 publique<\/strong><br \/>\n15 avenue du Pr. L\u00e9on Bernard<br \/>\n35043 Rennes<br \/>\nT\u00e9l. : +33 (0)2 99 02 22 00<br \/>\n<a href=\"mailto:contact@ehesp.fr\">contact@ehesp.fr<\/a><\/p>\n<p>Directrice de la publication : Isabelle RICHARD<\/p>\n<h2>H\u00e9bergement<\/h2>\n<p>\u00c9cole des hautes \u00e9tudes en sant\u00e9 publique (EHESP)<br \/>\nDirection des syst\u00e8mes d\u2019information et des t\u00e9l\u00e9communications<br \/>\n15 avenue du Pr. L\u00e9on Bernard \u2013 CS 74312<br \/>\n35043 Rennes Cedex<br \/>\nT\u00e9l. : +33 (0) 2 99 02 22 00<br \/>\n<a href=\"mailto:cap-dsit@ehesp.fr\">cap-dsit@ehesp.fr<\/a><\/p>\n<h2>D\u00e9veloppement et web design<\/h2>\n<p><a href=\"https:\/\/www.artwai.com\/\" target=\"_blank\" rel=\"noopener noreferrer\">Artwa\u00ef, Agence web Rennes<\/a><\/p>\n<h2>Propri\u00e9t\u00e9 intellectuelle<\/h2>\n<p>L&rsquo;ensemble de ce site rel\u00e8ve de la l\u00e9gislation fran\u00e7aise et internationale sur le droit d&rsquo;auteur et la propri\u00e9t\u00e9 intellectuelle. Tous les droits de reproduction sont r\u00e9serv\u00e9s, y compris pour les documents t\u00e9l\u00e9chargeables et les repr\u00e9sentations iconographiques et photographiques.<\/p>\n<p>La reproduction de tout ou partie de ce site sur un support \u00e9lectronique quel qu&rsquo;il soit est formellement interdite sauf autorisation expresse de la Direction de la communication.<\/p>\n<p>La reproduction des textes de ce site sur un support papier est autoris\u00e9e, tout particuli\u00e8rement dans le cadre p\u00e9dagogique, sous r\u00e9serve du respect des trois conditions suivantes :<\/p>\n<ul>\n<li>gratuit\u00e9 de la diffusion<\/li>\n<li>respect de l&rsquo;int\u00e9grit\u00e9 des documents reproduits : pas de modification ni alt\u00e9ration d&rsquo;aucune sorte, citation claire et lisible de la source sous la forme suivante &#8211; par exemple : \u00ab ce document provient de l&rsquo;annuaire du site web de l&rsquo;EHESP : <a title=\"https:\/\/www.ehesp.fr\/annuaire\/\" href=\"https:\/\/www.ehesp.fr\/annuaire\/\">https:\/\/www.ehesp.fr\/annuaire\/<\/a>. Les droits de reproduction sont r\u00e9serv\u00e9s et strictement limit\u00e9s \u00bb<\/li>\n<li>L&rsquo;URL du site web de l&rsquo;EHESP doit imp\u00e9rativement figurer dans la r\u00e9f\u00e9rence<\/li>\n<\/ul>\n<p>Pour d&rsquo;autres utilisations, veuillez nous consulter<\/p>\n<h2 id=\"front-title\">Cr\u00e9dit photo<\/h2>\n<p>\u00a9 M. Bacou \/ \u00a9 JM. Denis \/ \u00a9 B. Duquenne \/ \u00a9 E. Gallacier \/ \u00a9 D. Larcher \/ \u00a9 V. Strauss \/ \u00a9 P. Tressos<\/p>\n<h2>Les textes officiels sur le site<\/h2>\n<p>Seuls les textes publi\u00e9s dans l&rsquo;\u00e9dition papier du Journal officiel font foi. Pour vous les procurer, notez les r\u00e9f\u00e9rences du Journal officiel dans lequel le(s) texte(s) qui vous int\u00e9resse(nt) figurent et commandez aupr\u00e8s du Journal officiel l&rsquo;exemplaire correspondant.<\/p>\n<p>Les documents diffus\u00e9s en version \u00e9lectronique sur ce site ont fait l&rsquo;objet de nombreuses relectures de notre part mais peuvent encore contenir des erreurs. Si vous en constatez, n&rsquo;h\u00e9sitez pas \u00e0 nous le faire savoir en contactant le webmestre \u00e0 <a href=\"mailto:webmaster@ehesp.fr\" target=\"_blank\" rel=\"noopener noreferrer\">webmaster@ehesp.fr<\/a><\/p>\n<p>Nous proc\u00e9derons imm\u00e9diatement aux rectifications correspondantes. Les textes diffus\u00e9s peuvent, par ailleurs, avoir fait l&rsquo;objet de mise \u00e0 jour entre le moment o\u00f9 vous les avez t\u00e9l\u00e9charg\u00e9s et celui o\u00f9 vous en prenez connaissance.<\/p>\n<h2>Informatique et libert\u00e9s &#8211; R\u00e8glement g\u00e9n\u00e9ral de protection des donn\u00e9es (RGPD)<\/h2>\n<p><a href=\"https:\/\/www.ehesp.fr\/annuaire\/informatique-et-libertes\/\" target=\"_blank\" rel=\"noopener noreferrer\">Consultez la page \u00ab Informatique et libert\u00e9s \u00bb<\/a><\/p>\n<h2>Messagerie<\/h2>\n<p>Les messages envoy\u00e9s sur le r\u00e9seau internet peuvent \u00eatre intercept\u00e9s. Ne divulguez pas d&rsquo;informations personnelles inutiles ou sensibles. Si vous souhaitez nous communiquer de telles informations, utilisez imp\u00e9rativement la voie postale.<\/p>\n<h2><a name=\"cookie\"><\/a>Donn\u00e9es statistiques : tra\u00e7abilit\u00e9 et profilage<\/h2>\n<p>Lors de votre navigation sur le site, vous laissez des traces informatiques. Cet ensemble d&rsquo;informations est recueilli \u00e0 l&rsquo;aide d&rsquo;un cookie qui ne contient aucune information personnelle.<br \/>\nDans le but d&rsquo;am\u00e9liorer l&rsquo;ergonomie, la navigation au sein du site, le contenu \u00e9ditorial et le service aux internautes, l&rsquo;outil gestionnaire des statistiques de notre site stocke des informations relatives au profil des internautes : \u00e9quipement, navigateur utilis\u00e9, origine g\u00e9ographique des requ\u00eates, date et heure de la connexion, navigation sur le site, fr\u00e9quence des visites, etc. Ces donn\u00e9es de connexion permettent des extractions statistiques. Vous avez la possibilit\u00e9 de refuser l&rsquo;enregistrement de ces donn\u00e9es en modifiant la configuration du navigateur de votre ordinateur qui autorise ou non l&rsquo;enregistrement de cookies. Il est possible de les refuser ou de les supprimer sans que cela ait une quelconque influence sur l&rsquo;acc\u00e8s aux pages du site. Pour s&rsquo;opposer \u00e0 l&rsquo;enregistrement de cookies ou \u00eatre pr\u00e9venu avant d&rsquo;accepter les cookies, nous recommandons la lecture de la rubrique d&rsquo;aide de votre navigateur qui vous pr\u00e9cisera la marche \u00e0 suivre.<\/p>\n<p><em>Ce site est enti\u00e8rement financ\u00e9 par l&rsquo;EHESP. De plus, il n&rsquo;accueille aucune publicit\u00e9 et ne re\u00e7oit aucun fond publicitaire.<\/em><br \/>\n<a class=\"top-link\" href=\"#top\">Back to top<\/a><\/p>\n","protected":false},"excerpt":{"rendered":"<p>Editeur \u00c9cole des hautes \u00e9tudes en sant\u00e9 publique 15 avenue du Pr. L\u00e9on Bernard 35043 Rennes T\u00e9l. : +33 (0)2 99 02 22 00 contact@ehesp.fr Directrice de la publication :&#8230;<br \/><a class=\"more-link\" href=\"https:\/\/www.ehesp.fr\/annuaire\/mentions-legales\/\">Read more &raquo;<\/a><\/p>\n","protected":false},"author":1,"featured_media":0,"parent":0,"menu_order":0,"comment_status":"closed","ping_status":"closed","template":"","meta":{"_relevanssi_hide_post":"","_relevanssi_hide_content":"","_relevanssi_pin_for_all":"","_relevanssi_pin_keywords":"","_relevanssi_unpin_keywords":"","_relevanssi_related_keywords":"","_relevanssi_related_include_ids":"","_relevanssi_related_exclude_ids":"","_relevanssi_related_no_append":"","_relevanssi_related_not_related":"","_relevanssi_related_posts":"","_relevanssi_noindex_reason":"","footnotes":""},"class_list":["post-817","page","type-page","status-publish","hentry"],"_links":{"self":[{"href":"https:\/\/www.ehesp.fr\/annuaire\/wp-json\/wp\/v2\/pages\/817","targetHints":{"allow":["GET"]}}],"collection":[{"href":"https:\/\/www.ehesp.fr\/annuaire\/wp-json\/wp\/v2\/pages"}],"about":[{"href":"https:\/\/www.ehesp.fr\/annuaire\/wp-json\/wp\/v2\/types\/page"}],"author":[{"embeddable":true,"href":"https:\/\/www.ehesp.fr\/annuaire\/wp-json\/wp\/v2\/users\/1"}],"replies":[{"embeddable":true,"href":"https:\/\/www.ehesp.fr\/annuaire\/wp-json\/wp\/v2\/comments?post=817"}],"version-history":[{"count":7,"href":"https:\/\/www.ehesp.fr\/annuaire\/wp-json\/wp\/v2\/pages\/817\/revisions"}],"predecessor-version":[{"id":4088,"href":"https:\/\/www.ehesp.fr\/annuaire\/wp-json\/wp\/v2\/pages\/817\/revisions\/4088"}],"wp:attachment":[{"href":"https:\/\/www.ehesp.fr\/annuaire\/wp-json\/wp\/v2\/media?parent=817"}],"curies":[{"name":"wp","href":"https:\/\/api.w.org\/{rel}","templated":true}]}}