{"id":100,"date":"2016-10-17T14:24:39","date_gmt":"2016-10-17T12:24:39","guid":{"rendered":"http:\/\/www.ehesp.fr\/ressources-chaire-management-des-etablissements-de-sante\/?page_id=100"},"modified":"2019-08-28T11:34:01","modified_gmt":"2019-08-28T09:34:01","slug":"partenaires","status":"publish","type":"page","link":"https:\/\/www.ehesp.fr\/ressources-chaire-management-des-etablissements-de-sante\/partenaires\/","title":{"rendered":"Partenaires"},"content":{"rendered":"<h2>Pr\u00e9sentation<\/h2>\n<p>L<span style=\"color: #4187dc\">\u2019Institut du Management (IdM) de l\u2019EHESP<\/span>, le Comit\u00e9 national de coordination de la recherche (<a href=\"http:\/\/www.cncr.fr\/\" target=\"_blank\" rel=\"noopener noreferrer\"><span style=\"color: #4187dc\">CNCR<\/span><\/a>) et le Centre national pour l\u2019expertise hospitali\u00e8re (<a href=\"http:\/\/www.cneh.fr\/\" target=\"_blank\" rel=\"noopener noreferrer\"><span style=\"color: #4187dc\">CNEH<\/span><\/a>) se sont associ\u00e9s pour cr\u00e9er fin 2011 une Chaire d\u00e9di\u00e9e au Management des \u00e9tablissements et services de sant\u00e9. Aux partenaires fondateurs se sont joints la F\u00e9d\u00e9ration hospitali\u00e8re de France (<a href=\"https:\/\/www.fhf.fr\/\" target=\"_blank\" rel=\"noopener noreferrer\"><span style=\"color: #4187dc\">FHF<\/span><\/a>), l\u2019Association des directeurs d\u2019h\u00f4pital (<a href=\"http:\/\/www.adh-asso.org\/\" target=\"_blank\" rel=\"noopener noreferrer\"><span style=\"color: #4187dc\">ADH<\/span><\/a>) et le Groupe de recherche et d\u2019applications hospitali\u00e8res (<a href=\"http:\/\/www.le-graph.com\/\" target=\"_blank\" rel=\"noopener noreferrer\"><span style=\"color: #4187dc\">Le GRAPH<\/span><\/a>).<\/p>\n<p>Cette Chaire, financ\u00e9e pour une dur\u00e9e initiale de 4 ans, puis reconduite par ses partenaires, est accueillie au sein de l\u2019Institut du Management de l&rsquo;EHESP, en lien \u00e9troit avec l\u2019EA 7348 MOS.<\/p>\n<h2>Instances<\/h2>\n<p>Le comit\u00e9 de pilotage r\u00e9unit les repr\u00e9sentants des partenaires fondateurs et associ\u00e9s :<\/p>\n<p>&#8211; Michel\u00a0 LOUAZEL, Economiste, Directeur de l\u2019Institut du Management de l\u2019EHESP<br \/>\n&#8211; Laurent CHAMBAUD, Directeur de l&rsquo;EHESP<br \/>\n&#8211; Zaynab RIET, D\u00e9l\u00e9gu\u00e9e g\u00e9n\u00e9rale de la FHF<br \/>\n&#8211; Antoine MALONE, directeur de projet \u00ab prospective, relations avec les milieux acad\u00e9miques et les think tanks \u00bb de la FHF<br \/>\n&#8211; Marie LANG, Directrice du CNCR<br \/>\n&#8211; Patrick LAMBERT, Secr\u00e9taire g\u00e9n\u00e9ral de l\u2019ADH<br \/>\n&#8211; Joseph TEDESCO, Directeur g\u00e9n\u00e9ral du CNEH<br \/>\n&#8211; C\u00e9cile JAGLIN, membre du bureau du GRAPH<br \/>\n-Alexis THOMAS, membre du bureau du GRAPH<\/p>\n<p>Le comit\u00e9 strat\u00e9gique r\u00e9unit les membres du comit\u00e9 de pilotage, ainsi que les repr\u00e9sentants des conf\u00e9rences des dirigeants d\u2019\u00e9tablissements :<br \/>\nla conf\u00e9rence nationale des directeurs g\u00e9n\u00e9raux de CHU, la conf\u00e9rence nationale des pr\u00e9sidents de CME de CHU, la conf\u00e9rence nationale des directeurs de centres hospitaliers (CNDCH), la conf\u00e9rence des pr\u00e9sidents de CME des CH, l\u2019association des \u00e9tablissements participant au service public de sant\u00e9 mentale (ADESM) et la conf\u00e9rence des pr\u00e9sidents de CME des CHS<\/p>\n<h2>Articulation avec les structures acad\u00e9miques<\/h2>\n<p><img loading=\"lazy\" decoding=\"async\" class=\"wp-image-321 alignright\" src=\"https:\/\/www.ehesp.fr\/ressources-chaire-management-des-etablissements-de-sante\/wp-content\/uploads\/sites\/3\/2018\/03\/logo_EA-MOS.jpg\" alt=\"\" width=\"134\" height=\"95\" srcset=\"https:\/\/www.ehesp.fr\/ressources-chaire-management-des-etablissements-de-sante\/wp-content\/uploads\/sites\/3\/2018\/03\/logo_EA-MOS.jpg 169w, https:\/\/www.ehesp.fr\/ressources-chaire-management-des-etablissements-de-sante\/wp-content\/uploads\/sites\/3\/2018\/03\/logo_EA-MOS-110x78.jpg 110w, https:\/\/www.ehesp.fr\/ressources-chaire-management-des-etablissements-de-sante\/wp-content\/uploads\/sites\/3\/2018\/03\/logo_EA-MOS-140x99.jpg 140w, https:\/\/www.ehesp.fr\/ressources-chaire-management-des-etablissements-de-sante\/wp-content\/uploads\/sites\/3\/2018\/03\/logo_EA-MOS-160x114.jpg 160w\" sizes=\"auto, (max-width: 134px) 100vw, 134px\" \/><br \/>\nLa chaire Management des \u00e9tablissements de sant\u00e9 est en lien \u00e9troit avec l\u2019Equipe d\u2019accueil Management des organisations de sant\u00e9 (<a href=\"https:\/\/www.ehesp.fr\/recherche\/organisation-de-la-recherche\/unites-labellisees\/management-des-organisations-de-sante\/\" target=\"_blank\" rel=\"noopener noreferrer\">EA 7348 MOS<\/a>).<br \/>\nstructure de recherche port\u00e9e par l\u2019EHESP et labellis\u00e9e par le Minist\u00e8re de l&rsquo;Enseignement sup\u00e9rieur et de la Recherche et le Haut Conseil de l\u2019\u00e9valuation de la recherche et l\u2019enseignement sup\u00e9rieur (Hc\u00e9res).<\/p>\n<p>&nbsp;<\/p>\n<p>&nbsp;<\/p>\n<h3>Sciences de gestion et\u00a0 liens utiles<\/h3>\n<p><img loading=\"lazy\" decoding=\"async\" class=\"size-full wp-image-323 alignleft\" src=\"https:\/\/www.ehesp.fr\/ressources-chaire-management-des-etablissements-de-sante\/wp-content\/uploads\/sites\/3\/2018\/03\/logo-ARAMOS-DK.png\" alt=\"\" width=\"139\" height=\"72\" srcset=\"https:\/\/www.ehesp.fr\/ressources-chaire-management-des-etablissements-de-sante\/wp-content\/uploads\/sites\/3\/2018\/03\/logo-ARAMOS-DK.png 139w, https:\/\/www.ehesp.fr\/ressources-chaire-management-des-etablissements-de-sante\/wp-content\/uploads\/sites\/3\/2018\/03\/logo-ARAMOS-DK-110x57.png 110w\" sizes=\"auto, (max-width: 139px) 100vw, 139px\" \/><\/p>\n<p><strong>Association pour la recherche en management des organisations de sant\u00e9<\/strong><br \/>\n<a href=\"https:\/\/www.management2018.fr\/files\/events\/1\/documents\/SM13-AAC-ARAMOS.pdf\" target=\"_blank\" rel=\"noopener noreferrer\">6e congr\u00e8s ARAMOS<\/a> : \u00ab\u00a0L&rsquo;impact de la recherche en management sur les organisations de sant\u00e9\u00a0\u00bb _ <strong>25 mai 2018<\/strong><\/p>\n<p>&nbsp;<\/p>\n<p><img loading=\"lazy\" decoding=\"async\" class=\"wp-image-324 size-thumbnail alignleft\" src=\"https:\/\/www.ehesp.fr\/ressources-chaire-management-des-etablissements-de-sante\/wp-content\/uploads\/sites\/3\/2018\/03\/logo-FNEGE-DK-150x76.png\" alt=\"\" width=\"150\" height=\"76\" \/><\/p>\n<p><strong>Fondation nationale pour l&rsquo;Enseignement de la gestion des entreprises<\/strong><br \/>\nRetrouvez de nombreuses ressources, dont les <a href=\"http:\/\/www.fnege.org\/videos\" target=\"_blank\" rel=\"noopener noreferrer\">video Xerfi-FNEGE<\/a><\/p>\n","protected":false},"excerpt":{"rendered":"<p>Pr\u00e9sentation L\u2019Institut du Management (IdM) de l\u2019EHESP, le Comit\u00e9 national de coordination de la recherche (CNCR) et le Centre national pour l\u2019expertise hospitali\u00e8re (CNEH) se sont associ\u00e9s pour cr\u00e9er fin&#8230;<br \/><a class=\"more-link\" href=\"https:\/\/www.ehesp.fr\/ressources-chaire-management-des-etablissements-de-sante\/partenaires\/\">Read more &raquo;<\/a><\/p>\n","protected":false},"author":1,"featured_media":0,"parent":0,"menu_order":0,"comment_status":"closed","ping_status":"closed","template":"","meta":{"footnotes":""},"class_list":["post-100","page","type-page","status-publish","hentry"],"_links":{"self":[{"href":"https:\/\/www.ehesp.fr\/ressources-chaire-management-des-etablissements-de-sante\/wp-json\/wp\/v2\/pages\/100","targetHints":{"allow":["GET"]}}],"collection":[{"href":"https:\/\/www.ehesp.fr\/ressources-chaire-management-des-etablissements-de-sante\/wp-json\/wp\/v2\/pages"}],"about":[{"href":"https:\/\/www.ehesp.fr\/ressources-chaire-management-des-etablissements-de-sante\/wp-json\/wp\/v2\/types\/page"}],"author":[{"embeddable":true,"href":"https:\/\/www.ehesp.fr\/ressources-chaire-management-des-etablissements-de-sante\/wp-json\/wp\/v2\/users\/1"}],"replies":[{"embeddable":true,"href":"https:\/\/www.ehesp.fr\/ressources-chaire-management-des-etablissements-de-sante\/wp-json\/wp\/v2\/comments?post=100"}],"version-history":[{"count":20,"href":"https:\/\/www.ehesp.fr\/ressources-chaire-management-des-etablissements-de-sante\/wp-json\/wp\/v2\/pages\/100\/revisions"}],"predecessor-version":[{"id":653,"href":"https:\/\/www.ehesp.fr\/ressources-chaire-management-des-etablissements-de-sante\/wp-json\/wp\/v2\/pages\/100\/revisions\/653"}],"wp:attachment":[{"href":"https:\/\/www.ehesp.fr\/ressources-chaire-management-des-etablissements-de-sante\/wp-json\/wp\/v2\/media?parent=100"}],"curies":[{"name":"wp","href":"https:\/\/api.w.org\/{rel}","templated":true}]}}